{"id":96,"date":"2022-06-19T20:59:23","date_gmt":"2022-06-19T18:59:23","guid":{"rendered":"http:\/\/new.sponsopot.pl\/?page_id=96"},"modified":"2022-11-27T20:57:39","modified_gmt":"2022-11-27T19:57:39","slug":"nagrody","status":"publish","type":"page","link":"http:\/\/sponsopot.org.pl\/index.php\/nagrody\/","title":{"rendered":"Nagrody"},"content":{"rendered":"\t\t<div data-elementor-type=\"wp-page\" data-elementor-id=\"96\" class=\"elementor elementor-96\">\n\t\t\t\t\t\t<section class=\"elementor-section elementor-top-section elementor-element elementor-element-1873068 elementor-section-boxed elementor-section-height-default elementor-section-height-default\" data-id=\"1873068\" data-element_type=\"section\">\n\t\t\t\t\t\t<div class=\"elementor-container elementor-column-gap-default\">\n\t\t\t\t\t<div class=\"elementor-column elementor-col-100 elementor-top-column elementor-element elementor-element-a3eaec8\" data-id=\"a3eaec8\" data-element_type=\"column\">\n\t\t\t<div class=\"elementor-widget-wrap elementor-element-populated\">\n\t\t\t\t\t\t<div class=\"elementor-element elementor-element-06f3b97 elementor-widget elementor-widget-text-editor\" data-id=\"06f3b97\" data-element_type=\"widget\" data-widget_type=\"text-editor.default\">\n\t\t\t\t<div class=\"elementor-widget-container\">\n\t\t\t\t\t\t\t\t\t<p>Za swoj\u0105 dzia\u0142alno\u015b\u0107 Stowarzyszenie SPON otrzyma\u0142o wiele nagr\u00f3d, m. in.:<\/p>\t\t\t\t\t\t\t\t<\/div>\n\t\t\t\t<\/div>\n\t\t\t\t<div class=\"elementor-element elementor-element-9cc1d3a elementor-widget elementor-widget-text-editor\" data-id=\"9cc1d3a\" data-element_type=\"widget\" data-widget_type=\"text-editor.default\">\n\t\t\t\t<div class=\"elementor-widget-container\">\n\t\t\t\t\t\t\t\t\t<h5><strong>1995 r. &#8211; Nagroda Bursztynowego Mieczyka<\/strong><\/h5><p>Nagroda Bursztynowego Mieczyka zosta\u0142a ustanowiona 17 lat temu przez \u00f3wczesnego Wojewod\u0119 Gda\u0144skiego Macieja P\u0142a\u017cy\u0144skiego. Co roku Kapitu\u0142a NBM nagradza od 3 do 5 najlepszych organizacji z naszego wojew\u00f3dztwa. Opr\u00f3cz symbolicznego Bursztynowego Mieczyka nagrodzona organizacja otrzymuje premi\u0119 pieni\u0119\u017cn\u0105 w wysoko\u015bci 5 000 z\u0142. Opr\u00f3cz nagr\u00f3d g\u0142\u00f3wnych przyznawane s\u0105 r\u00f3wnie\u017c nagrody specjalne i wyr\u00f3\u017cnienia.<\/p>\t\t\t\t\t\t\t\t<\/div>\n\t\t\t\t<\/div>\n\t\t\t\t<div class=\"elementor-element elementor-element-e3e3277 elementor-widget elementor-widget-image\" data-id=\"e3e3277\" data-element_type=\"widget\" data-widget_type=\"image.default\">\n\t\t\t\t<div class=\"elementor-widget-container\">\n\t\t\t\t\t\t\t\t\t\t\t\t\t\t\t<img fetchpriority=\"high\" decoding=\"async\" width=\"952\" height=\"714\" src=\"http:\/\/sponsopot.org.pl\/wp-content\/uploads\/2022\/11\/bursztynowymieczyk-1024x768.jpg\" class=\"attachment-large size-large wp-image-292\" alt=\"\" srcset=\"http:\/\/sponsopot.org.pl\/wp-content\/uploads\/2022\/11\/bursztynowymieczyk-1024x768.jpg 1024w, http:\/\/sponsopot.org.pl\/wp-content\/uploads\/2022\/11\/bursztynowymieczyk-300x225.jpg 300w, http:\/\/sponsopot.org.pl\/wp-content\/uploads\/2022\/11\/bursztynowymieczyk-768x576.jpg 768w, http:\/\/sponsopot.org.pl\/wp-content\/uploads\/2022\/11\/bursztynowymieczyk-1536x1152.jpg 1536w, http:\/\/sponsopot.org.pl\/wp-content\/uploads\/2022\/11\/bursztynowymieczyk-2048x1536.jpg 2048w\" sizes=\"(max-width: 952px) 100vw, 952px\" \/>\t\t\t\t\t\t\t\t\t\t\t\t\t\t\t<\/div>\n\t\t\t\t<\/div>\n\t\t\t\t<div class=\"elementor-element elementor-element-9b704dd elementor-widget elementor-widget-text-editor\" data-id=\"9b704dd\" data-element_type=\"widget\" data-widget_type=\"text-editor.default\">\n\t\t\t\t<div class=\"elementor-widget-container\">\n\t\t\t\t\t\t\t\t\t<h5><strong>2003 r. &#8211; Medal Prezydenta Miasta Gdyni \u201eGdynia bez Barier\u201d<\/strong><\/h5><p>Za konsekwencj\u0119 i up\u00f3r w pokazywaniu osobom niepe\u0142nosprawnym, jak pokonywa\u0107 codzienne trudno\u015bci i jak odnale\u017a\u0107 w\u0142asne miejsce w \u017cyciu. Medal przyznawany jest od 2000 r. osobom, instytucjom, organizacjom i firmom, kt\u00f3re w praktyce realizuj\u0105 ide\u0119 integracji, u\u0142atwiaj\u0105c normalne funkcjonowanie osobom niepe\u0142nosprawnym. Celem gdy\u0144skiego konkursu jest pomoc w prze\u0142amywaniu stereotyp\u00f3w i barier architektonicznych, mentalnych, komunikacyjnych i innych, kt\u00f3re utrudniaj\u0105 \u017cycie niepe\u0142nosprawnym. Laureat medalu ma prawo u\u017cywania logo na wszystkich obiektach i produktach. Ka\u017cdy z nich dostaje te\u017c obraz wykonany przez artyst\u00f3w maluj\u0105cych ustami lub nogami.<\/p>\t\t\t\t\t\t\t\t<\/div>\n\t\t\t\t<\/div>\n\t\t\t\t<div class=\"elementor-element elementor-element-25a91d4 elementor-widget elementor-widget-text-editor\" data-id=\"25a91d4\" data-element_type=\"widget\" data-widget_type=\"text-editor.default\">\n\t\t\t\t<div class=\"elementor-widget-container\">\n\t\t\t\t\t\t\t\t\t<h5><strong>2006 r. &#8211; Medal im. Matki Teresy z Kalkuty<\/strong><\/h5><p>Medal im. Matki Teresy z Kalkuty jest honorow\u0105 nagrod\u0105 przyznawan\u0105 raz w roku za wyr\u00f3\u017cniaj\u0105ce si\u0119 dzia\u0142ania na rzecz os\u00f3b niepe\u0142nosprawnych. Medale im. Matki Teresy z Kalkuty przyznawane s\u0105 przez Powiatowe Centrum Pomocy Rodzinie w Ko\u015bcierzynie wsp\u00f3lnie z Powiatow\u0105 Spo\u0142eczn\u0105 Rad\u0105 ds. Os\u00f3b Niepe\u0142nosprawnych w 2 kategoriach: osoby fizyczne i organizacje pozarz\u0105dowe.<\/p>\t\t\t\t\t\t\t\t<\/div>\n\t\t\t\t<\/div>\n\t\t\t\t<div class=\"elementor-element elementor-element-abcc1ec elementor-widget elementor-widget-image\" data-id=\"abcc1ec\" data-element_type=\"widget\" data-widget_type=\"image.default\">\n\t\t\t\t<div class=\"elementor-widget-container\">\n\t\t\t\t\t\t\t\t\t\t\t\t\t\t\t<img decoding=\"async\" width=\"768\" height=\"1024\" src=\"http:\/\/sponsopot.org.pl\/wp-content\/uploads\/2022\/11\/matkateresa-768x1024.jpg\" class=\"attachment-large size-large wp-image-288\" alt=\"\" srcset=\"http:\/\/sponsopot.org.pl\/wp-content\/uploads\/2022\/11\/matkateresa-768x1024.jpg 768w, http:\/\/sponsopot.org.pl\/wp-content\/uploads\/2022\/11\/matkateresa-225x300.jpg 225w, http:\/\/sponsopot.org.pl\/wp-content\/uploads\/2022\/11\/matkateresa-1152x1536.jpg 1152w, http:\/\/sponsopot.org.pl\/wp-content\/uploads\/2022\/11\/matkateresa-1536x2048.jpg 1536w, http:\/\/sponsopot.org.pl\/wp-content\/uploads\/2022\/11\/matkateresa-scaled.jpg 1920w\" sizes=\"(max-width: 768px) 100vw, 768px\" \/>\t\t\t\t\t\t\t\t\t\t\t\t\t\t\t<\/div>\n\t\t\t\t<\/div>\n\t\t\t\t<div class=\"elementor-element elementor-element-c7f5de1 elementor-widget elementor-widget-text-editor\" data-id=\"c7f5de1\" data-element_type=\"widget\" data-widget_type=\"text-editor.default\">\n\t\t\t\t<div class=\"elementor-widget-container\">\n\t\t\t\t\t\t\t\t\t<h5><strong>2010 r. &#8211; Sopockie Serce \u2013 nagroda dla najlepszej organizacji pozarz\u0105dowej Sopotu<\/strong><\/h5><p>Nagroda przyznawana jest za znacz\u0105ce osi\u0105gni\u0119cia na rzecz miasta oraz jego mieszka\u0144c\u00f3w. W ramach Nagrody SPON otrzyma\u0142 statuetk\u0119, dyplom oraz nagrod\u0119 pieni\u0119\u017cn\u0105.<\/p>\t\t\t\t\t\t\t\t<\/div>\n\t\t\t\t<\/div>\n\t\t\t\t<div class=\"elementor-element elementor-element-c7c4653 elementor-widget elementor-widget-image\" data-id=\"c7c4653\" data-element_type=\"widget\" data-widget_type=\"image.default\">\n\t\t\t\t<div class=\"elementor-widget-container\">\n\t\t\t\t\t\t\t\t\t\t\t\t\t\t\t<img decoding=\"async\" width=\"768\" height=\"1024\" src=\"http:\/\/sponsopot.org.pl\/wp-content\/uploads\/2022\/11\/sopockieserce-768x1024.jpg\" class=\"attachment-large size-large wp-image-289\" alt=\"\" srcset=\"http:\/\/sponsopot.org.pl\/wp-content\/uploads\/2022\/11\/sopockieserce-768x1024.jpg 768w, http:\/\/sponsopot.org.pl\/wp-content\/uploads\/2022\/11\/sopockieserce-225x300.jpg 225w, http:\/\/sponsopot.org.pl\/wp-content\/uploads\/2022\/11\/sopockieserce-1152x1536.jpg 1152w, http:\/\/sponsopot.org.pl\/wp-content\/uploads\/2022\/11\/sopockieserce-1536x2048.jpg 1536w, http:\/\/sponsopot.org.pl\/wp-content\/uploads\/2022\/11\/sopockieserce-scaled.jpg 1920w\" sizes=\"(max-width: 768px) 100vw, 768px\" \/>\t\t\t\t\t\t\t\t\t\t\t\t\t\t\t<\/div>\n\t\t\t\t<\/div>\n\t\t\t\t<div class=\"elementor-element elementor-element-8093294 elementor-widget elementor-widget-text-editor\" data-id=\"8093294\" data-element_type=\"widget\" data-widget_type=\"text-editor.default\">\n\t\t\t\t<div class=\"elementor-widget-container\">\n\t\t\t\t\t\t\t\t\t<h5><strong>2011 r. &#8211; Lodo\u0142amacz 2011<\/strong><\/h5><p>Statuetka Lodo\u0142amacza jest wyr\u00f3\u017cnieniem dla tych, kt\u00f3rzy decyduj\u0105c si\u0119 na zatrudnienie os\u00f3b niepe\u0142nosprawnych, jednocze\u015bnie prowadz\u0105 wobec nich przyjazn\u0105 polityk\u0119 personaln\u0105, prze\u0142amuj\u0105 bariery, walcz\u0105 z niech\u0119ci\u0105 i oboj\u0119tno\u015bci\u0105 spo\u0142ecze\u0144stwa. SPON zaj\u0105\u0142 1. miejsce w wojew\u00f3dztwie pomorskim i 3. miejsce w Polsce.<\/p>\t\t\t\t\t\t\t\t<\/div>\n\t\t\t\t<\/div>\n\t\t\t\t<div class=\"elementor-element elementor-element-6396269 elementor-widget elementor-widget-image\" data-id=\"6396269\" data-element_type=\"widget\" data-widget_type=\"image.default\">\n\t\t\t\t<div class=\"elementor-widget-container\">\n\t\t\t\t\t\t\t\t\t\t\t\t\t\t\t<img loading=\"lazy\" decoding=\"async\" width=\"952\" height=\"714\" src=\"http:\/\/sponsopot.org.pl\/wp-content\/uploads\/2022\/11\/lodolamacz-1024x768.jpg\" class=\"attachment-large size-large wp-image-287\" alt=\"\" srcset=\"http:\/\/sponsopot.org.pl\/wp-content\/uploads\/2022\/11\/lodolamacz-1024x768.jpg 1024w, http:\/\/sponsopot.org.pl\/wp-content\/uploads\/2022\/11\/lodolamacz-300x225.jpg 300w, http:\/\/sponsopot.org.pl\/wp-content\/uploads\/2022\/11\/lodolamacz-768x576.jpg 768w, http:\/\/sponsopot.org.pl\/wp-content\/uploads\/2022\/11\/lodolamacz-1536x1152.jpg 1536w, http:\/\/sponsopot.org.pl\/wp-content\/uploads\/2022\/11\/lodolamacz-2048x1536.jpg 2048w\" sizes=\"(max-width: 952px) 100vw, 952px\" \/>\t\t\t\t\t\t\t\t\t\t\t\t\t\t\t<\/div>\n\t\t\t\t<\/div>\n\t\t\t\t\t<\/div>\n\t\t<\/div>\n\t\t\t\t\t<\/div>\n\t\t<\/section>\n\t\t\t\t<\/div>\n\t\t","protected":false},"excerpt":{"rendered":"<p>Za swoj\u0105 dzia\u0142alno\u015b\u0107 Stowarzyszenie SPON otrzyma\u0142o wiele nagr\u00f3d, m. in.: 1995 r. &#8211; Nagroda Bursztynowego Mieczyka Nagroda Bursztynowego Mieczyka zosta\u0142a ustanowiona 17 lat temu przez \u00f3wczesnego Wojewod\u0119 Gda\u0144skiego Macieja P\u0142a\u017cy\u0144skiego. Co roku Kapitu\u0142a NBM nagradza od 3 do 5 najlepszych organizacji z naszego wojew\u00f3dztwa. Opr\u00f3cz symbolicznego Bursztynowego Mieczyka nagrodzona organizacja otrzymuje premi\u0119 pieni\u0119\u017cn\u0105 w wysoko\u015bci&hellip; <a href=\"http:\/\/sponsopot.org.pl\/index.php\/nagrody\/\" class=\"more-link\">Czytaj dalej <span class=\"screen-reader-text\">Nagrody<\/span><\/a><\/p>\n","protected":false},"author":1,"featured_media":0,"parent":0,"menu_order":0,"comment_status":"closed","ping_status":"closed","template":"","meta":{"footnotes":""},"class_list":["post-96","page","type-page","status-publish","hentry"],"_links":{"self":[{"href":"http:\/\/sponsopot.org.pl\/index.php\/wp-json\/wp\/v2\/pages\/96","targetHints":{"allow":["GET"]}}],"collection":[{"href":"http:\/\/sponsopot.org.pl\/index.php\/wp-json\/wp\/v2\/pages"}],"about":[{"href":"http:\/\/sponsopot.org.pl\/index.php\/wp-json\/wp\/v2\/types\/page"}],"author":[{"embeddable":true,"href":"http:\/\/sponsopot.org.pl\/index.php\/wp-json\/wp\/v2\/users\/1"}],"replies":[{"embeddable":true,"href":"http:\/\/sponsopot.org.pl\/index.php\/wp-json\/wp\/v2\/comments?post=96"}],"version-history":[{"count":10,"href":"http:\/\/sponsopot.org.pl\/index.php\/wp-json\/wp\/v2\/pages\/96\/revisions"}],"predecessor-version":[{"id":298,"href":"http:\/\/sponsopot.org.pl\/index.php\/wp-json\/wp\/v2\/pages\/96\/revisions\/298"}],"wp:attachment":[{"href":"http:\/\/sponsopot.org.pl\/index.php\/wp-json\/wp\/v2\/media?parent=96"}],"curies":[{"name":"wp","href":"https:\/\/api.w.org\/{rel}","templated":true}]}}