{"id":127,"date":"2022-06-20T09:23:37","date_gmt":"2022-06-20T07:23:37","guid":{"rendered":"http:\/\/new.sponsopot.pl\/?page_id=127"},"modified":"2022-06-20T09:23:57","modified_gmt":"2022-06-20T07:23:57","slug":"filia-w-sierakowicach","status":"publish","type":"page","link":"http:\/\/sponsopot.org.pl\/index.php\/filia-w-sierakowicach\/","title":{"rendered":"Filia w Sierakowicach"},"content":{"rendered":"\t\t<div data-elementor-type=\"wp-page\" data-elementor-id=\"127\" class=\"elementor elementor-127\">\n\t\t\t\t\t\t<section class=\"elementor-section elementor-top-section elementor-element elementor-element-105fd2f elementor-section-boxed elementor-section-height-default elementor-section-height-default\" data-id=\"105fd2f\" data-element_type=\"section\">\n\t\t\t\t\t\t<div class=\"elementor-container elementor-column-gap-default\">\n\t\t\t\t\t<div class=\"elementor-column elementor-col-100 elementor-top-column elementor-element elementor-element-8a73a81\" data-id=\"8a73a81\" data-element_type=\"column\">\n\t\t\t<div class=\"elementor-widget-wrap elementor-element-populated\">\n\t\t\t\t\t\t<div class=\"elementor-element elementor-element-da142e8 elementor-widget elementor-widget-text-editor\" data-id=\"da142e8\" data-element_type=\"widget\" data-widget_type=\"text-editor.default\">\n\t\t\t\t<div class=\"elementor-widget-container\">\n\t\t\t\t\t\t\t\t\t<p class=\"rtejustify\">Filia Stowarzyszenia SPON w Sierakowicach na Kaszubach rozpocz\u0119\u0142a swoj\u0105 dzia\u0142alno\u015b\u0107 w\u00a0kwietniu 1998 r. Matk\u0105 chrzestn\u0105 tego przedsi\u0119wzi\u0119cia by\u0142a \u00f3wczesna zast\u0119pczyni w\u00f3jta Gminy Sierakowice, Pani Maria Dyczewska, kt\u00f3ra zapozna\u0142a ze sob\u0105 dwie aktywne osoby niepe\u0142nosprawne &#8211; Marzen\u0119 Korzeniewsk\u0105 i Mietka Wered\u0119. Do nich do\u0142\u0105czy\u0142 pracownik socjalny GOPS Rysiek Klajn, kt\u00f3ry doskonale orientowa\u0142 si\u0119 w potrzebach ludzi zamieszkuj\u0105cych teren gminy.<\/p><p>Celem grupy by\u0142o &#8222;wyprowadzenie&#8221; niepe\u0142nosprawnych z dom\u00f3w i uaktywnienie tego \u015brodowiska spo\u0142ecznie i towarzysko.<\/p><p>Zacz\u0119\u0142o si\u0119 skromnie, od 8 cz\u0142onk\u00f3w. W ci\u0105gu 20 lat dzia\u0142alno\u015bci Filii w Sierakowicach oko\u0142o 300 os\u00f3b wsp\u00f3\u0142pracowa\u0142o z Fili\u0105 jako stowarzyszeni lub sympatycy.<\/p><p>Dzisiaj Filia SPON jest uznan\u0105 i aktywn\u0105 organizacj\u0105 spo\u0142eczn\u0105 w gminie Sierakowice.<\/p><p>Wi\u0119cej informacji na stronie:\u00a0<a href=\"http:\/\/www.sponsierak.webd.pl\/\">SPON Sierakowice<\/a><\/p>\t\t\t\t\t\t\t\t<\/div>\n\t\t\t\t<\/div>\n\t\t\t\t\t<\/div>\n\t\t<\/div>\n\t\t\t\t\t<\/div>\n\t\t<\/section>\n\t\t\t\t<\/div>\n\t\t","protected":false},"excerpt":{"rendered":"<p>Filia Stowarzyszenia SPON w Sierakowicach na Kaszubach rozpocz\u0119\u0142a swoj\u0105 dzia\u0142alno\u015b\u0107 w\u00a0kwietniu 1998 r. Matk\u0105 chrzestn\u0105 tego przedsi\u0119wzi\u0119cia by\u0142a \u00f3wczesna zast\u0119pczyni w\u00f3jta Gminy Sierakowice, Pani Maria Dyczewska, kt\u00f3ra zapozna\u0142a ze sob\u0105 dwie aktywne osoby niepe\u0142nosprawne &#8211; Marzen\u0119 Korzeniewsk\u0105 i Mietka Wered\u0119. Do nich do\u0142\u0105czy\u0142 pracownik socjalny GOPS Rysiek Klajn, kt\u00f3ry doskonale orientowa\u0142 si\u0119 w potrzebach ludzi&hellip; <a href=\"http:\/\/sponsopot.org.pl\/index.php\/filia-w-sierakowicach\/\" class=\"more-link\">Czytaj dalej <span class=\"screen-reader-text\">Filia w Sierakowicach<\/span><\/a><\/p>\n","protected":false},"author":1,"featured_media":0,"parent":0,"menu_order":0,"comment_status":"closed","ping_status":"closed","template":"","meta":{"footnotes":""},"class_list":["post-127","page","type-page","status-publish","hentry"],"_links":{"self":[{"href":"http:\/\/sponsopot.org.pl\/index.php\/wp-json\/wp\/v2\/pages\/127","targetHints":{"allow":["GET"]}}],"collection":[{"href":"http:\/\/sponsopot.org.pl\/index.php\/wp-json\/wp\/v2\/pages"}],"about":[{"href":"http:\/\/sponsopot.org.pl\/index.php\/wp-json\/wp\/v2\/types\/page"}],"author":[{"embeddable":true,"href":"http:\/\/sponsopot.org.pl\/index.php\/wp-json\/wp\/v2\/users\/1"}],"replies":[{"embeddable":true,"href":"http:\/\/sponsopot.org.pl\/index.php\/wp-json\/wp\/v2\/comments?post=127"}],"version-history":[{"count":4,"href":"http:\/\/sponsopot.org.pl\/index.php\/wp-json\/wp\/v2\/pages\/127\/revisions"}],"predecessor-version":[{"id":131,"href":"http:\/\/sponsopot.org.pl\/index.php\/wp-json\/wp\/v2\/pages\/127\/revisions\/131"}],"wp:attachment":[{"href":"http:\/\/sponsopot.org.pl\/index.php\/wp-json\/wp\/v2\/media?parent=127"}],"curies":[{"name":"wp","href":"https:\/\/api.w.org\/{rel}","templated":true}]}}